se -6*l + 3960 = -v. What is the hundreds digit of l?
0
Suppose -5*t + 1 + 9 = 0. Suppose 1614 = 7*w - 2*w - 4*j, 0 = 2*w - t*j - 644. What is the hundreds digit of w?
3
Let p be 32/(-6) + (-2)/(-6). Let k(x) be the third derivative of x**5/60 + 3*x**3/2 + 74*x**2 + 1. What is the tens digit of k(p)?
3
Let o be 12 + 0 + (4 - 8). Suppose -5*r - 165 = -4*z, z - 99 = -r + 4*r. Let f = o - r. What is the tens digit of f?
4
Let w(p) = 98*p - 85. Let o be w(12). Suppose 4*k - f = 7552 - o, -2*k + 3203 = 5*f. What is the thousands digit of k?
1
Let z(q) = 3*q**2 - 18*q - 1. Let w be z(3). Let v(l) = -l**3 - 28*l**2 - 7*l - 44. What is the hundreds digit of v(w)?
1
Let v(s) = -s**3 + 15*s**2 + 21*s + 49. Let t be v(16). What is the tens digit of 0 - (t + -1)*-5?
4
Let w(m) = -4*m - 57. Let o be w(-16). Suppose 0 = -o*l - 458 + 2439. What is the units digit of l?
3
Let d be 10 + -11 + 4/(16/1244). What is the tens digit of (-186)/(-31)*d/4?
6
Let j be (3/15*0)/(-1). Let t = 14 + -10. Suppose -4*o = 3*d - 58 - 27, j = t*d - 5*o - 134. What is the units digit of d?
1
Let o(w) = w**3 - 56*w**2 + 139*w + 129. What is the tens digit of o(54)?
0
Let o be 995 - 8/(-10)*60/24. Let f = o - 387. What is the tens digit of f?
1
Let g = -149 - -246. Let u(s) = s**2 + 37*s + 126. Let q be u(-4). What is the units digit of g - -3 - (q - -11)?
5
Suppose -5*x + 17*q - 12*q + 169895 = 0, -135914 = -4*x + 5*q. What is the hundreds digit of x?
9
Let h = -29 - -53. Let t = -19 + h. Suppose t*v - 188 + 38 = 0. What is the units digit of v?
0
Let g = 139 - 137. Suppose 3*u - g*b - 230 = 0, 2*b - 72 = -u - 2*b. What is the units digit of u?
6
Let n = 7891 - -4071. What is the tens digit of n?
6
Let d(q) = q**2 - 7*q - 2. Let u(o) = 5*o - 8. Let l(t) = -4*t + 9. Let h(a) = -4*l(a) - 3*u(a). Let p be h(5). What is the units digit of d(p)?
6
Let j(u) = 19*u + 271. Let o be j(-14). Suppose 2*p - 724 = -4*r, -p + o*r = -0*p - 390. What is the tens digit of p?
7
Let z(o) = 0 - 9*o**2 + 15*o + 10*o**2 + 14. Let j = -1 - 19. What is the units digit of z(j)?
4
Let z be -4 - 9*(-16)/12. Let i(x) = 91*x - 126. What is the units digit of i(z)?
2
Let l = 26710 + -14820. What is the ten thousands digit of l?
1
Let j(g) = 2*g**2 + 22*g + 3. Let m be j(-11). Let v = -127 - -56. What is the tens digit of (v/m)/(1/(-3))?
7
Let y = 1775 - -478. What is the hundreds digit of y?
2
Let l(r) = r**2 - 12*r - 27. Let x be l(15). Suppose -13*v + 190 = -x*v. Let i = 47 + v. What is the units digit of i?
9
Suppose -6 - 2 = -4*g. Suppose -g*m + 36 = 28. Let w(f) = -f**3 + 3*f**2 + 9*f - 5. What is the units digit of w(m)?
5
Let a(g) = -13*g + 77. Let t = 237 + -242. What is the units digit of a(t)?
2
Let o = 5228 - 834. What is the thousands digit of o?
4
Let w(c) = 53299*c**2 + 48*c + 50. What is the ten thousands digit of w(-1)?
5
Let w(d) = 8*d**3 + 7*d**2 - 51*d + 410. What is the tens digit of w(9)?
5
Let z = -51765 - -95034. What is the tens digit of z?
6
Suppose -25*s + 41*s + 112 = 0. What is the tens digit of (-5 - -8)/(s/(-1071)) - -4?
6
Let u(q) = -7*q + 19*q - 8 + 3*q. Let i = -38 - -44. What is the units digit of u(i)?
2
Suppose -83*a + 127187 = -1529659. What is the ten thousands digit of a?
1
Suppose -4*r + 54719 = 9*r + 13665. What is the thousands digit of r?
3
Let h(g) = 5*g**3 - 7*g**2 - 103*g + 120. What is the ten thousands digit of h(14)?
1
Suppose 40*s + 38 - 38 = 0. What is the tens digit of (-66)/(-198)*(s - -3612)?
0
Let v(o) = o**3 - 15*o - 16. Let l be v(6). Suppose 2*u - 6 = -u. Suppose 3*d = i - u*i + l, 0 = 2*i - 2*d - 236. What is the hundreds digit of i?
1
Suppose g + 0*g + 33 = 0. Let v = g + 39. Suppose 418 = v*x - 158. What is the units digit of x?
6
Suppose -4*w + 188 = 5*c + 59, 0 = 4*w + c - 141. Let l be 385/3 - 5/15. Suppose o + w = l. What is the units digit of o?
2
Let z(j) = j**2 + 42*j + 9267. What is the tens digit of z(0)?
6
Let z(a) = 13*a**3 + 28*a**2 - a - 37. Let j(p) = 15*p**3 + 29*p**2 - 38. Let o(x) = 6*j(x) - 7*z(x). What is the hundreds digit of o(-23)?
3
Let a(n) = -2*n + 273. Let m(k) = k**3 - 16*k**2 + 30*k - 23. Let p be m(14). Suppose -h = p*h. What is the hundreds digit of a(h)?
2
Let i(q) = 7*q**3 - 22*q**2 + 598*q - 3. What is the units digit of i(20)?
7
Suppose -4*v - 29463 + 3947 = -4*k, 12763 = 2*k + 3*v. What is the thousands digit of k?
6
Suppose -h + 3 = 2*h, 3*o - 26444 = 4*h. What is the thousands digit of o?
8
Suppose -5*y + 5*u = 190, -5*u - 46 = y + 4. Let z = -36 - y. Suppose z*m + 332 = 4*b, 474 = 5*b - 4*m + 57. What is the units digit of b?
5
Suppose 0 = 11*w + 3 - 15689. Suppose -w = -6*b + 494. What is the units digit of b?
0
Let d = -1411 + 7471. What is the thousands digit of d?
6
Let r = -13023 - -23082. What is the units digit of r?
9
What is the hundreds digit of 929470/95 - 62/(-589)?
7
Suppose -2*v = 3*m + 3*v - 1470, 0 = -5*v - 15. Suppose -561 = -6*q + m. Suppose -9*r + 1012 = -q. What is the tens digit of r?
3
Let p(c) = c**3 + 9*c**2 - 4*c - 33. Let m be p(-9). Suppose 0 = -r + 5*q + 462, 0 = -4*q + m - 23. What is the tens digit of r?
3
Let c be (-3)/(-2)*(-24)/(-9). Suppose -c*b + 12680 = 16*b. What is the hundreds digit of b?
6
Let t = 313 + 266. Let l = t - 41. What is the tens digit of l?
3
Suppose -7*k - 48 = -69. Suppose -k*r + 5*h = 9*h - 1918, -5*r - 5*h + 3195 = 0. What is the units digit of r?
8
Let b be -1*(-4812)/4*3/9. Let o = b - -220. What is the tens digit of o?
2
Let r = 48112 - 26912. What is the ten thousands digit of r?
2
Let d(s) = 2*s + 26. Let h be d(-7). Let a be (-64)/h + 5 - 2/(-6). Suppose 17*o - 15*o - 130 = a. What is the tens digit of o?
6
Let a(w) = w**3 + 85*w**2 + 480*w + 6. What is the thousands digit of a(-75)?
0
Suppose 23*h = -44774 + 77064 + 45956. What is the hundreds digit of h?
4
What is the hundreds digit of (-359538)/124*((-28)/6 + -2)?
3
Let g be 1 + 11/(-66) + 15/(-18). Let q = 227 + g. What is the units digit of q?
7
Let a = -14877 - -29256. What is the hundreds digit of a?
3
Let h(i) = -125*i - 30. Let j be h(-6). Suppose -38*m + 1674 = -j. What is the units digit of m?
3
Let g = -44 - -121. Suppose 945 - g = 2*w. What is the hundreds digit of w?
4
Let o = -35 + 38. What is the tens digit of (-40642)/(-56) - o/(-12)?
2
Let s = -17 - 9. Let k = 203 + s. What is the hundreds digit of k?
1
Let o = 75 + -74. What is the units digit of 67/2*o - 80/32?
1
Suppose 3*x + f = 8*x - 10, -2*x + 4*f = 14. Let s(q) = 0*q + 14 + x*q - 114*q**3 + 115*q**3 - 9*q**2. What is the tens digit of s(9)?
4
Let j(b) = -31*b**2 + 17*b - 12. Let t(d) = -11*d**2 + 6*d - 5. Let u(c) = 6*j(c) - 17*t(c). Let k = -7 - -13. What is the tens digit of u(k)?
4
Let r(a) = -a**3 + 16*a**2 - 19*a + 34. Let w be 14/1*-1*-1. What is the tens digit of r(w)?
6
Let f be 28/10 - 9/(-45) - 11. What is the tens digit of 2055/4 + (-10)/f?
1
Suppose 2*t + 3*s = 23649, 2*t - 18*s = -13*s + 23609. What is the hundreds digit of t?
8
Let p(m) = -m**2 + 14*m + 14. Let f be p(9). Let b = f - 56. What is the units digit of 70/21*b*(-1 - -25)?
0
Let w be (-1*(20 + 4))/(4/22). Let d = w + 470. What is the units digit of d?
8
Let k be (27/3 - -1) + (-2 - -3). What is the hundreds digit of 0/k - 305/(-1)?
3
Let k = 1307 + -666. Let a = -41 + k. Let d = a - 337. What is the tens digit of d?
6
Suppose -287955 = -67*b + 118400. What is the tens digit of b?
6
Let l(i) = i**3 - 6*i + 9. Let u be l(-3). Let t = 17 - 9. Suppose -t*c + 105 + 207 = u. What is the units digit of c?
9
Let r be (2 + -3)/(2/292*-2). Let p = 76 - r. Suppose 2*m + p*s - 61 = 66, -62 = -m - s. What is the tens digit of m?
5
Suppose -o + 34550 = -74*d + 70*d, 2*d = -2*o + 69090. What is the tens digit of o?
4
Suppose 3*u + 765 = 8*u. Suppose -372 = -3*l + u. Suppose -2*f = -f - l. What is the hundreds digit of f?
1
What is the hundreds digit of ((-28)/21 - (16376 - 3))*(-3 - 0)?
1
Let p(n) = -3*n - 21. Let l be p(-8). Suppose -5*v + 2 = -5*d + 57, v = -l. Let j(c) = -c**3 + 8*c**2 + 3*c + 6. What is the units digit of j(d)?
0
Let j = 20345 - 12729. What is the tens digit of j?
1
Let m(v) = v**3 + 82*v**2 + 796*v - 98. What is the units digit of m(-29)?
1
Suppose 0 = -339*o - 67*o - o + 22878284. What is the thousands digit of o?
6
What is the tens digit 